- 581. What is h(12)?
7
Let b(y) = y**3 - 91*y**2 - 166*y - 1865. What is b(93)?
-5
Let s(a) = 2*a**2 + 20*a + 45. Determine s(-11).
67
Let l(f) = -2*f**2 - 116*f - 642. What is l(-52)?
-18
Let w(a) = -a**2 - 33*a - 204. What is w(-8)?
-4
Let d(p) = -3*p**2 + 57*p - 112. Determine d(16).
32
Let j(p) = -3*p**3 - 10*p**2 - 8*p - 1. Calculate j(-3).
14
Let p(u) = -4*u**2 + 36*u + 10. Determine p(9).
10
Let s(l) = 4*l**3 + 36*l**2 + 2*l + 16. Determine s(-9).
-2
Let a(c) = 16382*c - 147438. What is a(9)?
0
Let f(a) = -3*a**3 + 9*a**2 - 8*a - 17. Calculate f(-3).
169
Let r(v) = 3*v**3 + 24*v**2 - 41*v + 19. Calculate r(-9).
145
Let t(y) = -y**3 + 19*y**2 + 82*y + 205. Give t(23).
-25
Let x(r) = -r**3 + 64*r**2 - 60*r - 368. Give x(63).
-179
Let j(w) = w**2 + 70*w - 143. Calculate j(-71).
-72
Let n(q) = 30*q + 64. Give n(-5).
-86
Let c(i) = 22*i**3 - 70*i**2 + 5*i + 76. Give c(-1).
-21
Let h(r) = r**3 + 34*r**2 + 36*r + 21. Give h(-33).
-78
Let r(h) = -h**3 - 13*h**2 + 14*h + 17. What is r(-14)?
17
Let h(z) = -31*z**2 + 13*z - 26. Give h(2).
-124
Let j(f) = -4*f + 85. Calculate j(19).
9
Let r(g) = -18*g - 147. What is r(-1)?
-129
Let n(l) = l**3 + 75*l**2 - 570*l - 24. Determine n(7).
4
Let h(k) = 53*k**2 + 212*k + 6. Determine h(-4).
6
Let p(j) = 81*j - 5654. What is p(63)?
-551
Let p(f) = -f**2 - 16*f + 217. Give p(9).
-8
Let m(k) = -196*k - 34102. Determine m(-174).
2
Let m(z) = -85*z - 3689. Calculate m(-43).
-34
Let r(b) = 3*b**2 - 81*b - 172. Determine r(29).
2
Let w(o) = o**2 - 6*o - 145. Calculate w(22).
207
Let m(b) = 241*b + 298. Calculate m(-3).
-425
Let y(o) = 247*o + 2036. What is y(-8)?
60
Let r(u) = -73*u + 949. Give r(13).
0
Let n(x) = -635*x + 85087. Determine n(134).
-3
Let g(o) = 7*o**2 - 201*o - 33. Calculate g(29).
25
Let i(s) = 240*s + 964. Determine i(-4).
4
Let t(s) = 22*s + 75. Calculate t(6).
207
Let i(t) = -9*t**2 + 216*t - 1354. Determine i(6).
-382
Let w(c) = c**2 - 32*c - 87. Give w(34).
-19
Let m(h) = -h**3 - 6*h**2 - h - 4. What is m(-4)?
-32
Let q(w) = -2*w**2 + 26*w + 1652. Give q(-23).
-4
Let n(d) = -4*d**2 - 9*d + 3. Determine n(7).
-256
Let w(y) = 3*y**2 - 421*y - 3396. What is w(148)?
8
Let n(i) = 3*i + 9. What is n(1)?
12
Let a(l) = 5*l**2 + 480*l - 485. Give a(-97).
0
Let g(r) = 2*r**3 + r**2 + 14*r + 1. Determine g(5).
346
Let i(t) = 25*t**2 - 59*t - 104. Calculate i(-2).
114
Let k(p) = 2*p**3 - 37*p**2 - 32*p + 246. Determine k(19).
-1
Let m(h) = 15*h**3 + 3*h**2 + 2*h + 1. Determine m(-1).
-13
Let z(y) = 857*y + 6024. Calculate z(-7).
25
Let b(u) = 6*u**3 + 219*u**2 + 118*u + 389. Determine b(-36).
29
Let a(g) = -g**2 - 8*g + 318. Give a(-22).
10
Let s(g) = -20*g**2 + 8*g. Calculate s(1).
-12
Let c(o) = 2*o**2 - 36*o + 144. Calculate c(5).
14
Let w(s) = 120*s**2 + 16*s + 17. Determine w(-1).
121
Let z(d) = 49*d - 260. Determine z(6).
34
Let y(i) = i**3 + 7*i**2 - 38*i - 168. Give y(-9).
12
Let s(c) = c**3 - 12*c**2 + 4*c + 6. Determine s(0).
6
Let v(g) = -291*g - 10. Give v(-1).
281
Let q(m) = 4*m**2 + 9*m - 44. Determine q(5).
101
Let g(w) = 120*w + 21120. Calculate g(-176).
0
Let s(l) = -23*l - 186. What is s(-8)?
-2
Let g(h) = 1906*h + 13347. What is g(-7)?
5
Let d(a) = 17*a - 822. Calculate d(84).
606
Let l(g) = 4*g**2 - 106*g + 115. Calculate l(26).
63
Let j(m) = -m**2 + 5*m + 63. Give j(-14).
-203
Let k(t) = t**2 - 67*t + 108. Give k(64).
-84
Let s(c) = 509*c - 5097. Calculate s(10).
-7
Let q(p) = 35*p - 1745. What is q(50)?
5
Let r(q) = -q**3 + 9*q**2 - 13*q - 1. Give r(4).
27
Let t(n) = 1362*n - 16348. Give t(12).
-4
Let j(z) = 8*z - 112. Calculate j(14).
0
Let v(s) = 11*s**2 + s - 20. Give v(0).
-20
Let w(x) = x**3 + 108*x**2 - 121*x - 1302. Calculate w(-109).
6
Let j(k) = k**2 + 8*k - 694. What is j(23)?
19
Let o(w) = -4*w**2 + 9*w + 69. Give o(6).
-21
Let i(f) = f**3 + 9*f**2 + 8*f + 28. Determine i(-8).
28
Let p(m) = -119*m + 8705. What is p(72)?
137
Let g(d) = -166*d**2 - 105*d - 104. Determine g(-1).
-165
Let u(w) = w**3 - 5*w**2 + w - 209. Determine u(8).
-9
Let j(x) = -58*x + 3676. Calculate j(63).
22
Let k(g) = -209*g - 1668. What is k(-8)?
4
Let j(w) = -w**3 + 45*w**2 - 476*w - 29. What is j(17)?
-29
Let i(y) = 6*y**3 + 71*y**2 - 98*y - 102. What is i(-13)?
-11
Let s(d) = 18*d - 302. Give s(27).
184
Let s(d) = -d**3 - 6*d**2 + 114*d - 4. What is s(8)?
12
Let x(o) = -1284*o - 15406. Determine x(-12).
2
Let d(o) = 22*o**3 + 174*o**2 - 22*o - 2. What is d(-8)?
46
Let k(s) = s**3 + 18*s**2 + 40*s - 71. Calculate k(-15).
4
Let y(o) = -2*o**2 + 30*o + 392. What is y(20)?
192
Let j(p) = 21*p**3 + 334*p**2 - 29*p + 43. Give j(-16).
-5
Let v(s) = -3*s**2 + 62*s - 106. Determine v(20).
-66
Let k(w) = -12*w - 358. Give k(-27).
-34
Let n(x) = 2*x**2 - 95*x - 241. Determine n(50).
9
Let x(q) = 243*q - 507. Calculate x(7).
1194
Let j(f) = -3*f**3 + 2*f**2 + 8*f - 16. What is j(2)?
-16
Let b(m) = -13*m + 53. Give b(10).
-77
Let w(k) = -2*k**3 + 38*k**2 - 88*k + 29. What is w(16)?
157
Let x(k) = 39*k + 8. What is x(-1)?
-31
Let g(q) = -q**3 - q**2 + 10*q + 10. Calculate g(-6).
130
Let c(n) = 6*n + 110. Calculate c(7).
152
Let u(s) = -16*s**2 - 190*s + 189. Calculate u(1).
-17
Let t(j) = 6*j**2 + 25*j - 239. What is t(-9)?
22
Let x(p) = -131*p + 2599. Calculate x(20).
-21
Let v(d) = -11*d**3 - 10*d**2 + 30*d - 25. What is v(2)?
-93
Let a(g) = -408*g - 15502. Determine a(-38).
2
Let m(w) = 2*w**2 + 118*w + 1371. Calculate m(-16).
-5
Let x(p) = -3*p**2 + 79*p - 121. Give x(26).
-95
Let s(y) = y**3 + 27*y**2 + 8*y + 4. Determine s(2).
136
Let o(v) = -v**3 + 82*v**2 - 166*v + 85. Calculate o(80).
-395
Let k(n) = 1059*n + 3170. Calculate k(-3).
-7
Let m(u) = -14*u + 131. What is m(6)?
47
Let x(m) = -m**3 - 6*m**2 + 7*m + 32. Determine x(3).
-28
Let k(u) = u**2 + 2*u + 77. Calculate k(0).
77
Let u(t) = -t**3 + 8*t**2 + t + 7. What is u(4)?
75
Let i(z) = -z**2 + 284*z - 562. Give i(2).
2
Let v(l) = -12*l + 127. What is v(6)?
55
Let v(q) = -2*q**3 + 49*q**2 - 203*q - 40. Determine v(19).
74
Let u(y) = 29*y**3 - 23*y**2 + 3*y + 3. Give u(1).
12
Let s(y) = 793*y + 2369. Determine s(-3).
-10
Let l(s) = 5*s**3 + 73*s**2 - 25*s + 76. Determine l(-15).
1
Let x(u) = -8*u**3 - 11*u**2 - 4*u. Give x(-3).
129
Let s(n) = n**2 + 65*n - 194. What is s(-68)?
10
Let z(w) = 507*w + 14194. Give z(-28).
-2
Let c(n) = -298*n + 40823. Calculate c(137).
-3
Let h(q) = q**2 + 8*q - 85. Give h(6).
-1
Let q(n) = -n**3 + 2*n**2 + 56*n - 202. Calculate q(4).
-10
Let z(k) = 3*k - 307. Determine z(-14).
-349
Let w(d) = 209*d + 2403. What is w(-9)?
522
Let x(p) = -3*p**2 + 4*p - 1. Give x(2).
-5
Let w(y) = -19*y - 2421. Give w(-127).
-8
Let b(p) = 73*p + 11017. Give b(-151).
-6
Let w(r) = r**2 + 30*r + 84. Give w(-18).
-132
Let w(d) = 184*d - 1462. Give w(6).
-358
Let b(c) = -33*c + 1266. Determine b(38).
12
Let k(x) = -2*x**3 - 14*x**2 - 202*x - 1147. What is k(-6)?
-7
Let u(z) = -43*z - 3613. Give u(-89).
214
Let n(v) = 87*v + 129. Give n(3).
390
Let k(f) = 7*f**2 + 468*f - 83. What is k(-67)?
-16
Let b(d) = 2*d**2 - 34*d - 21. Determine b(12).
-141
Let r(h) = -174*h - 6522. Determine r(-37).
-84
Let g(c) = 9*c**3 - 12*c**2 + 13*c - 2. Determine g(1).
8
Let k(t) = 5*t**3 + 316*t**2 + 87*t + 1516. Give k(-63).
4
Let h(v) = -v**2 + 16*v - 59. What is h(18)?
-95
Let a(g) = -g**3 + 20*g**2 - 53*g + 55. What is a(17)?
21
Let n(p) = 71*p + 4031. Determine n(-59).
-158
Let u(f) = 140*f**2 + 4063*f + 42. Determine u(-29).
-45
Let g(j) = -3*j**3 - 92*j**2 + 26*j - 137. What is g(-31)?
18
Let d(j) = -21*j + 545. What is d(31)?
-106
Let q(f) = 423*f + 2323. Determine q(-6).
-215
Let p(o) = o**3 - 3*o**2 - o - 7. Give p(-3).
-58
Let t(y) = 2*y**3 + 170*y**2 - 184*y - 977. Calculate t(-86).
55
Let a(k) = -k**3 - 67*k**2 + 142*k + 281. Determine a(-69).
5
Let n(s) = 1193*s + 7151. What is n(-6)?
-7
Let l(q) = -23*q + 467. Determine l(20).
7
Let x(v) = -111*v + 2326. Give x(21).
-5
Let n(z) = -899*z - 17989. Give n(-20).
-9
Let d(h) = -h**3 + 21*h**2 - 97*h + 2044. Give d(21).
7
Let o(u) = 13*u**2 + 364*u - 3. What is o(-28)?
-3
Let j(t) = t**2 + 33*t - 48. Give j(-40).
232
Let y(f) = -5*f**2 - 797*f + 479. What is y(-160)?
-1
Let j(r) = 75*r + 2425. Calculate j(-34).
-125
Let z(b) = 1099*b + 6593. What is z(-6)?
-1
Let i(d) = 593*d - 4193. Determine 